2*l**2 - 52*l. Give b(-9).
-14
Let g(x) be the second derivative of -x**5/20 + 5*x**4/12 - x**3/2 - 3*x**2/2 + 16*x + 8. Let w = 31 - 10. Let c = 24 - w. What is g(c)?
6
Suppose -4*t = 15 + 21. Let b = 13 + t. Let n(w) = -3 + 7 + 0*w - 5 - 6*w + 7. Calculate n(b).
-18
Let w(u) = -u**3 - 9*u**2 - 5. Let l(i) = 21*i - 119. Let n be l(6). Suppose -38 = 4*f + 2*c, n = -2*f - 5*c - 16. Give w(f).
-5
Let k = 262 - 257. Let z be ((12/k)/(-2))/((-91)/(-455)). Let c(g) be the first derivative of g**2 + 7*g - 1. Determine c(z).
-5
Let n(x) = -x**2 - 9*x + 15. Let q(c) = 30*c - 611. Let a be q(20). Calculate n(a).
-7
Let p(u) be the first derivative of -3*u**2/2 - u - 1. Let v(q) = -2*q**3 + 7*q**2 - 18*q + 27. Let x be v(2). What is p(x)?
-10
Let z(g) = -3613*g**2 - 87*g**3 - 3*g + 3617*g**2 + 86*g**3 + 2*g - 4. Suppose 17 + 8 = 5*c + 5*m, -19 = -5*c + m. Determine z(c).
-8
Suppose -3*v + 30 = -8*v. Let j be (-2 + (-26)/v)*3. Let q(b) be the first derivative of -b**4/4 + 2*b**3 + 2*b**2 + 9*b - 1415. What is q(j)?
-12
Suppose 35 = 5*w - 3*f, 0 = -w - 10*f + 11*f + 5. Let l(z) = z - 6. Determine l(w).
4
Let a(k) = 3*k**2 + 18*k - 8. Let b be -1*1*(12/30 - 504/(-90)). Determine a(b).
-8
Let c be 12 + (-16 - (-574)/28)/((-3)/4). Let m(q) = 7*q - 40. Calculate m(c).
2
Let d(w) = -2*w - 11. Let v = -476 - -830. Let n = -363 + v. Give d(n).
7
Let r(f) = 4*f**2 + f - 9. Let u = 10884 - 10880. Calculate r(u).
59
Let n(t) = 4*t + 3. Let w(b) = 22*b - 363. Let o be w(16). Let j(y) = 21*y + 20. Let z(g) = o*n(g) + 2*j(g). Determine z(3).
1
Let k(a) = -a**3 - 7*a**2 + 9*a + 14. Suppose -2*w - 2*w = 5*m - 2, -3*w - 5*m - 1 = 0. Let d be 1 + (2/6)/(w/(-81)). Determine k(d).
6
Let w(l) be the third derivative of -l**4/24 + 71*l**3/6 - 6308*l**2. What is w(0)?
71
Let s(o) = -11*o**2 + 3*o**2 + 7*o**2 - 1. Let z be ((-9)/(9/2))/(-2). What is s(z)?
-2
Let l = 8 - 6. Let x(g) = 3*g**3 - 6*g**2 + g - 1. Let d = -159 - -158. Let c(z) = z**2 + z. Let u(v) = d*x(v) - 2*c(v). Determine u(l).
-13
Let s(g) = -9873 + 19726 - 9893 - 9*g. Give s(-7).
23
Let t be (11260/36 - (-16)/72) + 0. Suppose 312*x - 8 = t*x. Let w(u) = u**2 + 10*u + 10. Determine w(x).
-6
Let m(z) = -8*z - 12 + 4*z - 6*z + 9*z. What is m(18)?
-30
Let p(v) = v + 7. Let r be p(-4). Suppose -r*t - 12 = 3*s, -7 = t - s - 5. Let y(l) = 2*l + 3. What is y(t)?
-3
Let h(b) = -29*b - 315. Let c be h(-11). Let v(n) = -12*n + 17. Let z(m) = 23*m - 34. Let t(q) = 11*v(q) + 6*z(q). Calculate t(c).
7
Let o be (-8)/140 + (-5665)/1925. Let u(n) = n**3 + n**2. Let q(m) = 5*m**3 + 8*m**2 + m. Let c(z) = q(z) - 4*u(z). Calculate c(o).
6
Let g(s) = -s**2 - 9*s - 6. Suppose -70 = 9*t - 11*t. Suppose -2*a - 5*a + t = 0. Suppose -2*p + 3*d = 27, 2*d = a*d - 15. What is g(p)?
12
Suppose -7*i + 11 = -4*i - h, -5*h = 3*i + 1. Let p(v) = 4*v**2 - 12*v + 9. Calculate p(i).
9
Let v = 531 - 537. Let w(s) = s**3 + 6*s**2 + 5*s + 13. Give w(v).
-17
Let k(p) = -p**2 + 9*p - 19. Suppose -9*y + 8*y + 5*b = -10, 5 = -5*b. Give k(y).
1
Let p(l) = 17*l + 3. Let i be 3 - (-1 + -3 + 6). Let r be p(i). Let z(o) = -4 - 12 + r - 6*o - o**2. What is z(-7)?
-3
Suppose 3*z - 1 = 4*h, -h = -224*z + 225*z + 9. Suppose 0 = -3*m + 6*p - p + 1, 2*p - 43 = -5*m. Let a(r) = -14*r + 2*r - 2*r**2 + m*r. Determine a(h).
-12
Let r(o) be the third derivative of 1/120*o**6 - 15*o**2 + 1/12*o**5 + 0*o + 3 - 2/3*o**3 + 1/8*o**4. Determine r(-4).
0
Suppose 4*x - 14 = 2*x. Suppose -310 = x*q - 751. Let b = 59 - q. Let t(g) = -g**3 - 3*g**2 + 7*g + 5. What is t(b)?
-7
Let f(j) = 4*j - 8*j**2 + 2*j**3 - 299 + 2*j**3 + 301 - 3*j**3 - 4*j**3. Determine f(-3).
-1
Let y(s) = 4*s + 86. Let r be y(-21). Let k(c) = -176 + r*c**2 - 175 - 7*c + 357. Calculate k(4).
10
Let b(k) = -k**3 + 9*k**2 + 22*k - 116. Let p be b(10). Suppose -5*g - p = -24. Let t(r) = 4*r - 2. Determine t(g).
14
Let q be (-22)/(-10) - 2 - (-1424)/80. Suppose -3*y = -3*s - q, 5*s = -2*y + y - 18. Let o(n) = 3*n**3 + 12*n**2 - 3 + 5*n**y + 4 - 19*n**2 + n. Calculate o(2).
19
Let n be 2 + 1 + (-2 - -4). Let u(x) be the second derivative of x**3/3 - 3*x**2 - 4499*x. Determine u(n).
4
Suppose 0 = -g + 2 - 0. Let n(r) = 3 + 1 + 2 - r**g + r. Let u = -9661 - -9661. Calculate n(u).
6
Let l be (-76)/(-6) + 2/6. Let z(j) = 5 - 3 + 1648*j - j**2 - 543*j - 550*j - 542*j. Determine z(l).
2
Let q = 189 + -195. Let b(n) be the third derivative of n**4/24 + 11*n**3/6 - 2*n**2. Let c(d) = -2*d - 23. Let i(f) = -5*b(f) - 2*c(f). Calculate i(q).
-3
Let j(h) be the first derivative of -4*h**2 - h + 937. What is j(-4)?
31
Let i(q) be the third derivative of 7*q**4/24 - 28*q**3/3 + 13*q**2. Let w be i(8). Let d(f) = 2*f**2 + f + w*f - 17*f**2 - 5*f**2. Give d(1).
-19
Let o(k) be the first derivative of 2*k**2 + 24*k - 1245. What is o(-6)?
0
Let j(m) = m**2 + 11*m - 4. Let i(y) = -2*y**2 - 10*y + 5. Let r(x) = -2*i(x) - 3*j(x). Suppose -19*h + 1248 = 77*h. Calculate r(h).
2
Let r(c) = -126*c - 121*c - 12*c**2 + c**3 - 126*c + 374*c. Determine r(12).
12
Let r(k) = k**3 - 85 + 132 - 54 - 9*k**2 - 21*k. What is r(11)?
4
Let q be 12/4 + -3 - (0 - 2). Suppose k - 5*l = -2*l - q, 3*k - 4*l = -21. Let i(z) = -z - 6. Give i(k).
5
Let q(c) = -c**2 + 4*c - 29. Let k(a) = -a**2 + 3*a - 40. Let m(x) = -2*k(x) + 3*q(x). Determine m(2).
1
Suppose 4*p = 16, -6*p + 2*p = 5*m - 86. Suppose -2*y + 3*t - m = 5, 9 = -y + t. Let o(z) = 12 - 3*z - 2*z + 7*z. Determine o(y).
-4
Let x(o) be the third derivative of -o**7/280 - o**6/720 + o**5/15 - 10*o**2 + 12. Let j(i) be the third derivative of x(i). Calculate j(1).
-19
Let i(j) be the second derivative of -5*j**4/12 - 4*j**3/3 + 5*j**2/2 - 13*j - 3. Let r(w) = 4*w**2 + 7*w - 4. Let g(d) = -5*i(d) - 6*r(d). What is g(-2)?
7
Let d(b) = 9*b - 20. Let n(g) = g - 1. Let w(u) = d(u) - 2*n(u). Let m be w(3). Let s(p) = -21*p + 22*p - m + 11. Determine s(0).
8
Let n be 6188/(-408) - 10/12. Let r(w) = -7*w**2 - 35*w - 15. Let h(x) = -8*x**2 - 38*x - 15. Let a(v) = -6*h(v) + 7*r(v). Calculate a(n).
1
Let m(c) = c + 66 - 209 + 60 + 93. Calculate m(0).
10
Let s(i) = -i + 8. Let q be s(6). Let x(m) be the third derivative of -m**6/120 + m**4/12 - m**3/6 - 2*m**2 + 6953. Determine x(q).
-5
Let f be 12/(-20) - 652/(-20). Let p = -27 + f. Let i be (p - (3 + -3)) + -1. Let t(q) = -q**2 + 3*q + 5. What is t(i)?
1
Let m(o) = -o**2 + 4*o - 9. Suppose -19*k + 125 = 8*k - 37. What is m(k)?
-21
Let g(u) = u**3 - 3*u**2 + 255*u - 1059. Let m be g(4). Let z(v) = -v**2 - 21*v + 50. Determine z(m).
4
Let z = -4 - -14. Let u(v) be the second derivative of v**3/6 + 3*v**2 + 9436*v. Calculate u(z).
16
Let y be ((-8 - -7)*-5)/(33/(-99)). Let g(l) = l**2 + 14*l - 18. Determine g(y).
-3
Let r(h) = -402 + 206 - 3*h - 2*h + 198. Suppose -9 = 5*s - 2*s. What is r(s)?
17
Let g(j) be the second derivative of j**3/6 - 7*j**2 + j - 7176. Let q(h) = h**2 + 7*h - 2. Let o be q(-8). What is g(o)?
-8
Suppose -83*d + 84*d + 16 = j, 5*d - 4*j = -83. Let t(o) = -7*o - 149. Give t(d).
-16
Let c(v) be the first derivative of v**4/24 + 2*v**3/3 - 3*v**2/2 - 4*v + 14. Let x(q) be the second derivative of c(q). Let y = -21 + 15. Calculate x(y).
-2
Let g be 98 + 0 - (-2 - -1). Suppose -512 - g = -13*s. Let k = s + -42. Let t(n) = -n - 1. Calculate t(k).
-6
Suppose 186*x - 189*x = -6. Let s = 11 - 9. Let d(f) = -47*f**2 - 2 + 50*f**2 + 1 - s*f - f**3. Give d(x).
-1
Let n(l) = -l**3 + 25*l**2 - 24*l - 19. Let t be n(24). Let i = -19 - t. Let s(f) = f**3 - f**2 + f - 31. Give s(i).
-31
Let u = -13011 - -13013. Let x(s) = 24*s + 24. Give x(u).
72
Let s(l) = 3*l**3 - 2*l**2 - 2*l + 1. Let a(c) = -37*c**3 + 12*c**2 + 11*c - 5. Let t(f) = -a(f) - 6*s(f). Suppose -r + 1 = -0*r. What is t(r)?
19
Suppose t = -4*r + 14, 2*t - 5*r = 1 + 1. Let w be ((-10)/3)/(4/t). Let c(x) be the first derivative of x**3/3 + 7*x**2/2 + 3*x - 107. What is c(w)?
-7
Let t be (-4 - 29)*6/9. Let h = -19 - t. Suppose 0 = 2*i - 4*y, 0 = h*i - 0*i + 4*y - 40. Let g(m) = m - 4. Calculate g(i).
4
Let s(n) = n**2 - 9*n - 80. Suppose -5*h + 13 = 2*x, 5*x + 3*h + 24 - 9 = 0. Calculate s(x).
10
Let r = 31597 + -31592. Let v(h) = -5 + 0*h - 2*h + h. Give v(r).
-10
Suppose 3*f - 4 = 2. Let u(j) = 4*j - j**3 - 773 + 384 - 2*j + 387 + j**2. Calculate u(f).
-2
Suppose 22*z - 8420 = -8530. Let g(y)